
2, 5
Suppose -h - 626 = -2*i, -622 = -2*i + 3*h - 0*h. Suppose -7*r + 85 = -i. What are the prime factors of r?
3, 19
What are the prime factors of (-946)/(-4) + (-27)/(-54)?
3, 79
Let t = 66 - 67. List the prime factors of 147 - (-1 - -5 - (-4)/t).
3, 7
Suppose 2052*p - 1415 = 2047*p. What are the prime factors of p?
283
Let v(q) = -q**3 - 6*q**2 + 8*q - 7. Let x = 2 - 10. Let c be v(x). Suppose -4*r + r = -c. List the prime factors of r.
19
Suppose -2*l - 31 = 5*w, 4*w - 3*w - 3*l + 13 = 0. Let t(y) = 10*y - 1. Let f be t(3). Let d = f + w. List the prime factors of d.
2, 11
Let a = -9 + 48. Let w = a - -37. List the prime factors of w.
2, 19
Suppose 2*w - 7*d - 2696 = -11*d, -4*d + 12 = 0. List the prime factors of w.
2, 11, 61
Let q be (-1136)/12 + (-2)/(-3). Let l = q + 241. Suppose 4*b + l = 7*b. List the prime factors of b.
7
Let g = -2010 + 5280. What are the prime factors of g?
2, 3, 5, 109
Let t = -32 + 52. Suppose z - 64 = -3*z - 4*q, 16 = z + 4*q. Let b = t + z. What are the prime factors of b?
2, 3
Let q(f) = -3*f - 1. Suppose 20 + 50 = -5*u. Let l = u + 13. List the prime factors of q(l).
2
Let m(n) = -n**2 + 9*n - 6. Let x be m(8). Suppose 3*i + 5*a + 504 = 0, i + 504 = -x*i + 3*a. What are the prime factors of i/(-10) + (-1)/(-5)?
17
Let c(x) = x**2 - 14*x - 214. List the prime factors of c(-35).
19, 79
Let m(l) = 2*l**2 + 9*l - l - 2*l + 5. List the prime factors of m(-7).
61
Suppose 0 = -3*w - 4*p + 8, -2*w + p - 3 + 1 = 0. Suppose w*d + 4*d = -12. What are the prime factors of (-2)/12*d*38?
19
Suppose 3*j + 0*q - 6 = -3*q, 0 = -2*q + 4. Suppose j = -5*k - 0*k + 435. What are the prime factors of k?
3, 29
Let l(h) = -h**3 - h - 2. Let x be l(-3). Suppose -d = -x + 7. List the prime factors of d.
3, 7
Suppose -5*v + 55 = -0*h - 5*h, -7 = h + 3*v. What are the prime factors of -1 + h/(-14) - 424/(-14)?
2, 3, 5
Suppose -8156 = -57*k + 22966. What are the prime factors of k?
2, 3, 7, 13
Let x(h) = -h**3 - 6*h**2 - 10*h - 8. Let l be x(-4). Suppose 2*s = -0*a + 2*a + 54, l = -2*s - a + 60. List the prime factors of s.
29
Let o(a) = -23*a - 15. Let q be o(-22). Suppose -4*f + q = i, 0*i + i = 4*f - 493. List the prime factors of f.
3, 41
Suppose -17*u - 5164 = -15364. List the prime factors of u.
2, 3, 5
Let d(p) = 43*p - 49*p + 11 + 21*p. List the prime factors of d(5).
2, 43
Let l(h) = -43*h - 67. What are the prime factors of l(-33)?
2, 13
Suppose 5 = -4*i + 33. Suppose i*l - 6*l - 6 = 0. Let d(h) = 2*h + 6. What are the prime factors of d(l)?
2, 3
Let b be ((-3)/(-6))/(1/4). Suppose -3*s - 23 - 1 = 3*q, s = -b*q - 13. Let l(g) = -g - 3. List the prime factors of l(q).
2
Let v(h) = 19*h**3 - 8*h**2 + 11*h - 3. Let t(p) = 18*p**3 - 7*p**2 + 10*p - 2. Let a(x) = -7*t(x) + 6*v(x). List the prime factors of a(-2).
2, 13
Let p = -21 + 23. Suppose 8 + 20 = p*g. Suppose 38 = 2*v - g. List the prime factors of v.
2, 13
Suppose 7*s - 19776 = 4066. What are the prime factors of s?
2, 13, 131
What are the prime factors of 765 + 4*5/10 + -4?
7, 109
What are the prime factors of ((-143)/(-3))/(1 + 84/(-90))?
5, 11, 13
Suppose d = a + 156, 5*d - 8*d - 5*a + 452 = 0. Suppose 16*g - d = 14*g. What are the prime factors of g?
7, 11
Suppose 0 = q - 0*q - 1. Let v(p) = -4 - 2*p + 3*p - 3*p**2 + q - 5*p + p**3. List the prime factors of v(5).
3
Let u = -33 - -59. Suppose -3*x - u = -2*x. Let i = x - -38. List the prime factors of i.
2, 3
Let s(q) = 2*q**2 - 21*q + 12. Let w be s(13). Let p = w - 57. What are the prime factors of p?
2, 5
Let n(v) = v**2 - 4*v - 8. Let x be 75/1*(-2)/(-6). Let j be ((-15)/x)/(1/(-10)). What are the prime factors of n(j)?
2
Suppose 326 = -b + 2*b + 4*f, 3*f = -2*b + 657. List the prime factors of b.
2, 3, 5, 11
Let h = 55 - -366. What are the prime factors of h?
421
Suppose 12*c - 1734 = 6*c. What are the prime factors of c?
17
Suppose -5*m - 23 = 2. Let l be (-453)/m + (-6)/(-15). Suppose -3*v + 71 = -l. What are the prime factors of v?
2, 3
Let w(d) = 96*d**2 + 4*d + 9. Let u(h) = 48*h**2 + 2*h + 4. Let j(m) = 5*u(m) - 2*w(m). List the prime factors of j(-1).
2, 3
Let p(v) = 7*v + 8. Let x be (-1 - 3)/4 + 9. List the prime factors of p(x).
2
List the prime factors of (-59 - -11)*111/(-9).
2, 37
Suppose 0 = -5*f - 80 - 55. Let s = f + 29. List the prime factors of s*-31*1/(-2).
31
Suppose 0 = -d - 10 + 12. Suppose 2*h - 20 = -c + 4*h, 2*h + 36 = d*c. What are the prime factors of c?
2
Suppose -3*r + 693 = 2*n, -379 = -n + 7*r - 2*r. What are the prime factors of n?
2, 3, 59
Let z = 353 - 221. Suppose z = 14*h - 10*h. What are the prime factors of h?
3, 11
Suppose 5*l + 12 = 3*l. Let n(d) = -2*d - 8. Let t be n(l). Suppose 3*c + 15 = t*c. What are the prime factors of c?
3, 5
Suppose -4*f + u = 6*u - 76, 0 = f + 3*u - 19. Let b = 397 - 383. Let c = f - b. What are the prime factors of c?
5
Suppose 14969 = 24*a - 1471. List the prime factors of a.
5, 137
Let t(d) = -5*d**2 + 9*d - 16. Let s(b) = 3*b**2 - 4*b + 8. Let o(v) = 7*s(v) + 4*t(v). List the prime factors of o(-10).
2, 3
List the prime factors of 219 + -4 + (-6)/(-3).
7, 31
Let u(d) = d**3 - 4*d**2 + 11*d - 20. Suppose -5*y + 7*y - g - 15 = 0, 4*g = y - 18. What are the prime factors of u(y)?
2, 59
Suppose -4*a - 3*b + 112 = 0, 21 = 2*a - 5*b - 9. Let y be 3/(-5) + 590/a. Suppose -1 - y = -c. List the prime factors of c.
2, 3
Let v = 761 - 242. List the prime factors of v.
3, 173
Suppose -317 = -11*m - 1307. Let c(x) = 19*x + 3. Let t be c(-8). Let d = m - t. What are the prime factors of d?
59
Suppose 11*y - 19175 = -6712. List the prime factors of y.
11, 103
Let y be (-2 - (-44)/(-10))/(28/(-70)). Let x = 13 - 19. Let g = x + y. List the prime factors of g.
2, 5
Suppose -2*v + 2970 = -5*a, -5*v + 161*a = 158*a - 7425. List the prime factors of v.
3, 5, 11
Suppose -7 = -2*q + 5. Suppose -37 = -q*l + 95. What are the prime factors of l?
2, 11
Let f(o) = -o**2 + 7*o + 2. Let a be f(6). Suppose 3*x - 4 = a. Suppose -4*q - h = 2*h - 14, x*q - 4*h = 0. List the prime factors of q.
2
Let a = 28 - 24. What are the prime factors of (9 + -19)/(a/(-82))?
5, 41
Let b(w) = w**3 + 14*w**2 - w - 9. Let z be b(-14). Let v(u) = 13*u + 8. List the prime factors of v(z).
73
Suppose s = 3*c + 24, -4*s - 4*c + 52 = -3*s. List the prime factors of 6/9 - 3/(s/(-1660)).
139
Suppose -2*c - 4*c = 42. Let w(d) = d**3 - 20*d**2 + 2*d - 28. Let b be w(20). Let p = b + c. What are the prime factors of p?
5
Let x(c) be the second derivative of -4*c**3/3 - 11*c**2 + 6*c. List the prime factors of x(-8).
2, 3, 7
Let y(u) = u**3 + 11*u**2 + 9*u + 2. Suppose -5*h = d - 3*d + 5, -3*d + 2*h - 20 = 0. Let n be y(d). List the prime factors of 302/n + 8/(-48).
5
Suppose 0 = 167*t - 172*t - 100. What are the prime factors of 71 + t/(-4) + -1*2?
2, 37
Let t(k) = -k**2 + 4*k - 3. Let q be t(6). Let d be (9 - -1)*(-14)/(-7). Let o = d + q. What are the prime factors of o?
5
Suppose 5*f = -4*j + 13 + 20, -3*j = 3*f - 21. Suppose f*k - 4*x = 233, -x - 47 = -k - 0*x. What are the prime factors of k?
3, 5
Let b(x) be the third derivative of x**5/12 + 13*x**4/24 - x**3/6 + 5*x**2 - x. List the prime factors of b(-6).
101
Let j(d) = -d**3 - 9*d**2 - 10*d + 3. Let l = 5 + -10. Let x be 1/(-2)*6 + l. List the prime factors of j(x).
19
Let q = 276 + -166. Let k = q - 54. What are the prime factors of k?
2, 7
Let l = -256 - -572. List the prime factors of l.
2, 79
Let t = -24 + 6. Let p = 18 + t. Suppose p = 5*i + 3*w - 46, -30 = -5*i + i + w. List the prime factors of i.
2
Suppose -z + 4 - 1 = 0. Let f be z + 0/(-3 - 0). Suppose -s + f = -9. What are the prime factors of s?
2, 3
Let m = 4 + -52. List the prime factors of (182/(-8))/(4/m).
3, 7, 13
Let f = 25 + -23. Suppose 3*m - f*m = 3*n - 20, -5*n + 34 = -2*m. Suppose -n = -2*g + 16. List the prime factors of g.
11
Let i(v) = v**2 + v + 3. Suppose 4*h = 3*f - 1, -3*h + f = -2*f + 3. Suppose 0 = -h*t + 5*t. List the prime factors of i(t).
3
Let q = -77 - 117. Let k = -104 - q. What are the prime factors of k?
2, 3, 5
Let v(b) be the first derivative of 3 - b + 2*b**2 - 4*b**2 - 3*b - b. List the prime factors of v(-6).
19
Let z(d) = 9*d - 26. Let j(u) = 16*u**3 - 2*u**2 + 2*u - 1. Let i be j(1). List the prime factors of z(i).
109
Let h(l) = l - 12. Let 